or of 15 and q?
15
Let a be 182/3*15/(-2)*-1. Let m = -140 + a. What is the highest common divisor of 35 and m?
35
Let a = 227 - 140. Suppose -a = 3*l - 6*l. Suppose 26*i = l*i - 588. What is the highest common divisor of i and 28?
28
Let c = -2103 - -1405. Let p = c - -778. Calculate the highest common factor of p and 1280.
80
Suppose 0 = 2*b + 3*g + 10, -4*b + g = -0*b + 20. Let k be (b/(-15))/(1/(-15)). Let o = 34 - k. What is the highest common divisor of o and 273?
39
Let t(f) = 1159*f**2 + 54*f + 2. Let d be t(1). What is the greatest common factor of 270 and d?
135
Suppose r + 24*r - 600 = 0. Let h(f) = f**2 + 11*f - 20. Let d be h(-15). Calculate the greatest common divisor of d and r.
8
Suppose -60*r = -91*r - 85*r + 2077560. What is the greatest common divisor of r and 45?
45
Let c(j) = 1110*j**2 + 2*j + 7. Let o be c(3). Let m be 1/(-4) - o/(-28). Let h be (-5 + 73)/(24/18). What is the greatest common factor of h and m?
51
Let t(n) = 281*n + 6960. Let s be t(-15). What is the greatest common divisor of 360 and s?
45
Let s = 18190 - 18093. What is the greatest common factor of s and 12416?
97
Let v(s) = 168*s + 5612. Let m be v(-32). Let d = 116 - 57. What is the greatest common factor of m and d?
59
Let g be (-18)/40 + 11/44 - (-1893)/15. Calculate the highest common divisor of g and 28.
14
Let l(g) = -80*g**3 + 2*g**2 + 2*g. Let n(r) = 3*r**2 + 38*r - 14. Let y be n(-13). Let p be l(y). What is the greatest common divisor of p and 32?
16
Let i(d) = -101*d + 7. Let x be i(-3). What is the highest common factor of x and 10?
10
Let a(c) = 184*c**2 + 4*c + 4. Let x be a(2). Calculate the greatest common divisor of x and 132.
44
Suppose f + 2*l = 362, 519 = 4*f + 5*l - 932. Let a = -357 + f. What is the greatest common factor of a and 259?
7
Suppose 4*v + 5*w - 46 = 0, -35 = 9*v - 14*v + 5*w. Let s be -3*(-15)/v + 184 + 0. What is the highest common divisor of 21 and s?
21
Suppose -67552 + 198433 = 21*i - 155559. What is the highest common divisor of i and 155?
155
Suppose 3*j = 4*n + 561, 26*n - 29*n = 4*j - 798. Suppose -5*k + 31 = -t - 2, 3*k = -t - 33. Let s = 48 + t. Calculate the highest common divisor of j and s.
15
Let o(p) = p**3 - 22*p**2 - 20*p - 68. Let j be o(23). Let k(h) = 21*h + 24. Let x be k(j). Calculate the greatest common factor of x and 225.
45
Let z be (-89 - -83)*28/(-6). What is the highest common factor of z and 322?
14
Suppose -1478 - 610 = -29*k. Calculate the greatest common divisor of 846 and k.
18
Let c(l) = -l**2 - 3*l + 51. Let q be c(13). Let w = q - -163. Calculate the greatest common factor of 102 and w.
6
Suppose -5*s - l + 21 = 0, -2*s + 3*l - 2*l + 7 = 0. Suppose -3*f = 4*a - 21, 3*a - 5*f = 48 + s. What is the greatest common factor of 12 and a?
3
Let t(y) = y**3 + 9*y**2 - 24*y - 7. Let a be t(-10). Suppose -240 - 26 = 7*m. Let r be m/2*(-7 - -6). Calculate the greatest common factor of r and a.
19
Suppose -5*a - 60 = k + 3*k, -a = -k + 3. Let w(s) = -7*s**2 - 70*s. Let f be w(a). Calculate the highest common factor of f and 7.
7
Let r = 2 + -65. Let o be 6/(-14) + (-1602)/r. Let b be (-10)/o - 68/(-20). Calculate the highest common factor of b and 15.
3
Suppose -3*q = 19*s - 16*s - 4623, -25 = -5*q. Calculate the highest common factor of 48 and s.
48
Let y = 170 + -63. Suppose -4*a + y = 19. Let l(p) = 11*p. Let g be l(2). Calculate the highest common divisor of g and a.
22
Let z(j) = 170*j - 8. Let r be z(1). Suppose 0 = -2*c + 134 - 52. Let n = c - 23. Calculate the greatest common divisor of r and n.
18
Suppose 0 = -4*k + 4*m + 13316, -m = 3*k + 6*m - 10067. What is the greatest common factor of 639 and k?
71
Suppose 44 = 29*r - 14. Suppose -3*q = -r*s - q + 36, 4*q = 3*s - 51. Calculate the greatest common divisor of s and 3.
3
Let k(a) = -a**3 + 10*a**2 - 13*a - 20. Let o = 61 + -54. Let i be k(o). Calculate the highest common factor of i and 306.
18
Suppose -149040 = -6*b - 68*b + 2*b. What is the highest common divisor of 80 and b?
10
Let a(g) = g + 6. Let c be (-12 - -15)*-1*1. Let s be a(c). Let x be s/((6/(-160))/((-1)/4)). Calculate the highest common divisor of x and 100.
20
Let c(l) = 1011*l + 1062. Let q be c(1). Calculate the highest common divisor of 3 and q.
3
Suppose -51 = -4*n + 29. Let p = 47 - 45. Let b be (1 - p - 0)/(10/(-80)). What is the greatest common factor of b and n?
4
Let m = -18 - -39. Let t(d) = -2 + 12*d**2 - 1936*d**3 - 8*d + 1935*d**3 - 2*d**2. Let y be t(9). Calculate the highest common divisor of m and y.
7
Let i be (0 + -1)/(2/(-22)). Let c be (-156)/39*(-1 - 3 - (-2123)/(-44)). Calculate the greatest common divisor of c and i.
11
Let g be -42 - (35/(-7) - -7). Let y be 1/4 - 3421/g. Calculate the highest common factor of y and 117.
39
Suppose 4*s = -58*l + 53*l + 144, 2*l = 5*s - 147. Suppose v - 1804 = -4*i, 1353 = 34*i - s*i + 2*v. What is the highest common factor of i and 22?
11
Suppose 3*y - 2 = 4*y, 4*r + 3*y = -2. Let z be (r + -1 - -2) + 6. Calculate the greatest common factor of 4 and z.
4
Let w be 72 - (1 - (-1 - 0)). Suppose 0 = -10*t - 218 + 1418. Suppose -4*k - t = -4*j, 2*j - 44 = -5*k + 2. Calculate the highest common divisor of w and j.
14
Suppose 47*r = 56*r - 3159. What is the highest common divisor of 1521 and r?
117
Suppose 3*b + v - 10 = -0, 4*v = 4*b + 8. Suppose -6*g = b*g. Let a be (2 - g) + 156/3. Calculate the greatest common divisor of 6 and a.
6
Let y(k) = k + 15. Let w be y(-7). Let u = w + -1. Let z(o) = -3*o**2 - 34*o - 14. Let g be z(-9). Calculate the highest common factor of u and g.
7
Let r be 1*(-162 - (-20)/4). Let f = r - -301. What is the highest common divisor of f and 18?
18
Suppose 0 = 23*v + 3*v + 702. Let z = 245 - v. Calculate the highest common factor of z and 16.
16
Let g = -4 + 34. Let i = -24 + g. Suppose 0 = -i*h + 63 - 3. What is the highest common factor of h and 130?
10
Let r(k) = -25*k - 13. Let m be r(-4). Suppose -2*i - i + 5*q = -m, 0 = -i - 4*q + 12. What is the greatest common factor of i and 16?
8
Suppose -1070 = -4*c - c + s, -10*s = 2*c - 480. What is the greatest common factor of c and 387?
43
Suppose 26*i - 2871 = -43*i + 40*i. What is the highest common divisor of 2277 and i?
99
Let y = -481 + 842. Let b = y - 349. Let p be (-1*1)/(2/(-8)). What is the greatest common factor of b and p?
4
Suppose -40*p - 2*m + 246 = -36*p, -4*m - 249 = -5*p. What is the greatest common factor of p and 1938?
57
Let p = -2943 + 3747. Calculate the highest common divisor of p and 48.
12
Let d(k) = -k**3 + 2*k. Let m(g) = g**3 + 2*g**2 - 8*g - 14. Let i(b) = -2*d(b) - m(b). Let a be i(6). Calculate the highest common factor of 26 and a.
26
Suppose 0 = 18*r + 4*r - 66. Let a(z) = 12*z - 22. Let v be a(r). What is the highest common divisor of 406 and v?
14
Let f(o) = 16*o + 127. Let l be f(-25). Let p = 313 + l. What is the greatest common divisor of 8 and p?
8
Let s be (-130)/(-6) - 1/(-3). Let o be ((-3)/((-27)/744))/(8/12). Suppose 0 = -7*v + 432 - o. What is the greatest common divisor of s and v?
22
Let t = 48 - 53. Let h be (-14)/1*(-6)/((-30)/t). Let f = 459 - 305. Calculate the greatest common factor of h and f.
14
Let i(f) = -4*f**3 + 72 - 3*f**2 - 71 + 16*f**3. Let j be i(1). Calculate the greatest common factor of 45 and j.
5
Suppose 15 = -2*r + 29. Suppose 132 = -4*g + r*g. What is the greatest common factor of g and 4?
4
Suppose d - 168 = -3*d. Let h = -654 + 643. Let t(k) = k**2 + 8*k - 27. Let b be t(h). Calculate the highest common factor of d and b.
6
Let q(a) = 2*a**2 + 6*a - 4. Let n be q(-5). Let g = n + -11. Suppose -3*t + 3*x = 0, -x - 5 + 1 = -g*t. Calculate the greatest common factor of t and 7.
1
Let b = -36791 + 36851. What is the highest common factor of 4120 and b?
20
Let l(k) = -k**2 - 6*k + 6. Let w be l(-7). Let p be w*(0 + 0) + 10. Suppose 15 - 17 + 32 = 2*v. Calculate the greatest common factor of p and v.
5
Suppose 13*o - 14*o = 3. Let g be 39 - (2 - 3) - (7 + o). What is the greatest common factor of g and 24?
12
Suppose 33*z - 32*z - 69 = 0. Let j = 118 - 177. Let g = j + z. What is the highest common factor of 25 and g?
5
Suppose 5*n - s - 1112 - 4233 = 0, 1078 = n - 2*s. Suppose -n*k + 1069*k - 126 = 0. Calculate the highest common divisor of k and 7.
7
Let v(a) = -3*a +